mainder when 4899 is divided by 98.
97
Calculate the remainder when 4037 is divided by 22.
11
Calculate the remainder when 206708 is divided by 491.
488
Calculate the remainder when 8208 is divided by 74.
68
Calculate the remainder when 345 is divided by 90.
75
What is the remainder when 6836 is divided by 93?
47
What is the remainder when 3500 is divided by 101?
66
Calculate the remainder when 11939 is divided by 23.
2
What is the remainder when 59282 is divided by 232?
122
What is the remainder when 1235966 is divided by 392?
382
What is the remainder when 527532 is divided by 343?
341
What is the remainder when 119667 is divided by 237?
219
Calculate the remainder when 4371 is divided by 758.
581
Calculate the remainder when 160292 is divided by 144.
20
Calculate the remainder when 194054 is divided by 42.
14
Calculate the remainder when 240490 is divided by 18499.
3
What is the remainder when 4534 is divided by 152?
126
Calculate the remainder when 434 is divided by 17.
9
What is the remainder when 1191746 is divided by 50?
46
What is the remainder when 2941 is divided by 171?
34
Calculate the remainder when 2863065 is divided by 622.
621
Calculate the remainder when 3330 is divided by 1630.
70
What is the remainder when 73121 is divided by 44?
37
Calculate the remainder when 45652 is divided by 27.
22
What is the remainder when 988 is divided by 895?
93
Calculate the remainder when 3494 is divided by 149.
67
What is the remainder when 316895 is divided by 297?
293
Calculate the remainder when 1462 is divided by 147.
139
Calculate the remainder when 153854 is divided by 117.
116
What is the remainder when 5434 is divided by 237?
220
Calculate the remainder when 196280 is divided by 71.
36
Calculate the remainder when 90770 is divided by 44.
42
Calculate the remainder when 87924 is divided by 124.
8
Calculate the remainder when 3537 is divided by 3137.
400
What is the remainder when 2781 is divided by 2726?
55
What is the remainder when 5370 is divided by 5158?
212
What is the remainder when 777 is divided by 197?
186
What is the remainder when 286 is divided by 43?
28
Calculate the remainder when 1886 is divided by 90.
86
What is the remainder when 1753 is divided by 369?
277
What is the remainder when 680 is divided by 113?
2
Calculate the remainder when 41848 is divided by 13948.
4
Calculate the remainder when 111729 is divided by 15.
9
What is the remainder when 11875 is divided by 107?
105
Calculate the remainder when 1160231 is divided by 491.
489
What is the remainder when 47512 is divided by 743?
703
What is the remainder when 2309866 is divided by 16?
10
Calculate the remainder when 27270 is divided by 7.
5
What is the remainder when 184171 is divided by 23020?
11
What is the remainder when 2778 is divided by 909?
51
Calculate the remainder when 4245 is divided by 170.
165
Calculate the remainder when 56385 is divided by 400.
385
Calculate the remainder when 83213 is divided by 54.
53
What is the remainder when 7448 is divided by 946?
826
What is the remainder when 29598 is divided by 14779?
40
Calculate the remainder when 187351 is divided by 11.
10
Calculate the remainder when 1977 is divided by 1612.
365
Calculate the remainder when 17388 is divided by 2483.
7
What is the remainder when 50182 is divided by 12543?
10
What is the remainder when 48385 is divided by 24174?
37
What is the remainder when 69529 is divided by 33?
31
What is the remainder when 26389 is divided by 5232?
229
What is the remainder when 23827 is divided by 48?
19
What is the remainder when 20988 is divided by 10493?
2
Calculate the remainder when 2242 is divided by 187.
185
Calculate the remainder when 41889 is divided by 148.
5
Calculate the remainder when 1877548 is divided by 26.
10
What is the remainder when 65122 is divided by 443?
1
What is the remainder when 26761 is divided by 1216?
9
What is the remainder when 5691 is divided by 1892?
15
Calculate the remainder when 4946 is divided by 47.
11
Calculate the remainder when 126734 is divided by 384.
14
Calculate the remainder when 57356 is divided by 19117.
5
Calculate the remainder when 3625 is divided by 82.
17
Calculate the remainder when 699 is divided by 151.
95
Calculate the remainder when 12631 is divided by 2104.
7
What is the remainder when 7862 is divided by 1783?
730
Calculate the remainder when 9985 is divided by 1833.
820
What is the remainder when 357707 is divided by 27?
11
Calculate the remainder when 2169 is divided by 54.
9
Calculate the remainder when 62493 is divided by 62490.
3
What is the remainder when 2014 is divided by 661?
31
Calculate the remainder when 668 is divided by 294.
80
Calculate the remainder when 318 is divided by 141.
36
What is the remainder when 152758 is divided by 225?
208
What is the remainder when 2014412 is divided by 2081?
4
Calculate the remainder when 198466 is divided by 67.
12
Calculate the remainder when 2121 is divided by 1052.
17
Calculate the remainder when 4130 is divided by 196.
14
What is the remainder when 4684 is divided by 4673?
11
Calculate the remainder when 657 is divided by 328.
1
Calculate the remainder when 10129 is divided by 62.
23
Calculate the remainder when 251 is divided by 82.
5
Calculate the remainder when 36850 is divided by 12283.
1
What is the remainder when 14876 is divided by 7303?
270
Calculate the remainder when 2029 is divided by 175.
104
Calculate the remainder when 61195 is divided by 510.
505
What is the remainder when 315747 is divided by 266?
5
Calculate the remainder when 6083 is divided by 609.
602
Calculate the remainder when 11004 is divided by 521.
63
What is the remainder when 2874 is divided by 2850?
24
What is the remainder when 82579 is divided by 24?
19
What is the remainder when 33463 is divided by 128?
55
Calculate the remainder when 1017 is divided by 144.
9
Calculate the remainder when 857 is divided by 410.
37
Calculate the remainder when 35125 is divided by 576.
565
What is the remainder when 112269 is divided by 186?
111
Calculate the remainder when 25100 is divided by 2278.
42
Calculate the remainder when 7540 is divided by 173.
101
What is the remainder when 206479 is divided by 58?
57
Calculate the remainder when 65075 is divided by 482.
5
Calculate the remainder when 784 is divided by 121.
58
Calculate the remainder when 83795 is divided by 30.
5
Calculate the remainder when 116003 is divided by 90.
83
Calculate the remainder when 27005 is divided by 665.
405
What is the remainder when 2884 is divided by 224?
196
Calculate the remainder when 316 is divided by 186.
130
What is the remainder when 36323 is divided by 18154?
15
What is the remainder when 161956 is divided by 14723?
3
What is the remainder when 6244 is divided by 519?
16
What is the remainder when 180718 is divided by 11?
10
Calculate the remainder when 1505 is divided by 24.
17
Calculate the remainder when 141005 is divided by 2611.
11
What is the remainder when 54147 is divided by 2353?
28
What is the remainder when 22770 is divided by 785?
5
Calculate the remainder when 517887 is divided by 283.
280
What is the remainder when 34368 is divided by 99?
15
What is the remainder when 12084 is divided by 93?
87
Calculate the remainder when 19427 is divided by 7.
2
What is the remainder when 28560 is divided by 283?
260
Calculate the remainder when 2776 is divided by 624.
280
What is the remainder when 154990 is divided by 59?
56
Calculate the remainder when 124539 is divided by 145.
129
Calculate the remainder when 4812 is divided by 239.
32
What is the remainder when 117202 is divided by 7810?
52
Calculate the remainder when 179580 is divided by 97.
33
What is the remainder when 2779 is divided by 910?
49
Calculate the remainder when 79936 is divided by 13.
12
What is the remainder when 11112 is divided by 11026?
86
Calculate the remainder when 694 is divided by 171.
10
Calculate the remainder when 5969 is divided by 5779.
190
Calculate the remainder when 1921 is divided by 944.
33
Calculate the remainder when 24785 is divided by 326.
9
Calculate the remainder when 69244 is divided by 250.
244
What is the remainder when 92563 is divided by 62?
59
Calculate the remainder when 198632 is divided by 323.
310
Calculate the remainder whe